4 (base 10) to base 7
10413146
What is -16626532 (base 9) in base 5?
-4114000324
Convert 101000000000110001010 (base 2) to base 11.
816072
Convert -131152 (base 6) to base 13.
-5591
What is 1031034 (base 6) in base 3?
2120122211
What is -11001000110110001000 (base 2) in base 7?
-6664303
496a33 (base 12) to base 8
4433507
What is -1493ab6 (base 12) in base 7?
-50325063
-743531 (base 12) to base 16
-1bef35
Convert -6734544 (base 10) to base 2.
-11001101100001011010000
What is 3ea08 (base 15) in base 13?
70880
What is -74123 (base 8) in base 10?
-30803
-11425401 (base 6) to base 9
-610811
Convert b25a02 (base 13) to base 16.
3f62a6
What is -1433453 (base 6) in base 5?
-10114343
Convert 10600563 (base 8) to base 13.
624298
Convert -12420323 (base 5) to base 9.
-207013
Convert 69452 (base 15) to base 14.
8a19c
What is -190824 (base 10) in base 9?
-320676
-32973 (base 13) to base 4
-112120230
-104341412 (base 5) to base 4
-1301211100
What is 3245022 (base 7) in base 4?
1201021020
-34581 (base 12) to base 11
-485aa
155002223 (base 6) to base 8
14506707
What is -ab012 (base 13) in base 15?
-61bcc
Convert 15054633 (base 7) to base 9.
2612350
What is 314a26 (base 11) in base 9?
847755
Convert -1176812 (base 13) to base 2.
-10100101001011011100010
-111111110001110010011011 (base 2) to base 12
-5723423
What is -115484 (base 11) in base 10?
-182923
331010213 (base 4) to base 13
89b25
18b03b (base 13) to base 16
9857e
Convert -76479 (base 10) to base 2.
-10010101010111111
What is 1ab176a (base 12) in base 3?
101201212002101
21011022002102 (base 3) to base 8
16407054
Convert 2e8ba (base 15) to base 6.
3120351
What is -133551 (base 12) in base 9?
-532757
1352310 (base 6) to base 11
5294a
e250 (base 16) to base 12
29640
c8864 (base 15) to base 5
130331034
What is 145807 (base 9) in base 14?
24917
-223807 (base 12) to base 8
-2051307
Convert -3786966 (base 10) to base 13.
-a27911
Convert 774226 (base 10) to base 9.
1410031
Convert -130312310021 (base 4) to base 9.
-15208548
Convert 14020334 (base 5) to base 16.
22a91
41789 (base 13) to base 2
11100101111101001
Convert -19273a (base 13) to base 12.
-266a68
-2184364 (base 9) to base 10
-1177636
-75803 (base 10) to base 14
-1d8a7
Convert 2392750 (base 10) to base 11.
1394788
-10b213 (base 12) to base 13
-95085
What is -696744 (base 10) in base 16?
-aa1a8
Convert -10542445 (base 6) to base 9.
-544242
Convert 1033443 (base 8) to base 9.
460854
What is -73462e (base 16) in base 2?
-11100110100011000101110
What is 2323341442 (base 5) in base 3?
100221221010211
What is 347781b (base 12) in base 5?
10042033303
Convert -1117326 (base 13) to base 6.
-304211113
What is 330133022 (base 4) in base 13?
88a00
What is -2002022112112 (base 3) in base 11?
-6978a2
What is -12dcea (base 15) in base 9?
-1632664
-43279 (base 10) to base 15
-cc54
3a06b7 (base 12) to base 14
1abda3
What is 1a9c55 (base 14) in base 6?
32202003
What is -546626 (base 8) in base 7?
-1363401
Convert 100010000101 (base 2) to base 12.
1319
-102d50 (base 15) to base 10
-769125
-7dc9a (base 15) to base 2
-1100001111011000111
What is -274b5 (base 12) in base 15?
-1113b
Convert 2ca07 (base 15) to base 12.
6b407
What is -1422421234 (base 5) in base 15?
-4d6549
What is -2942c (base 15) in base 16?
-205d7
What is 870781 (base 13) in base 5?
1302442214
What is -2814521 (base 11) in base 3?
-100010111212021
What is -200011201 (base 3) in base 12?
-7801
-1223711 (base 8) to base 2
-1010010011111001001
What is -1010121111 (base 3) in base 8?
-53453
What is 4ccb0 (base 14) in base 2?
101110001010101010
What is 51373 (base 11) in base 5?
4344404
-13eb0b (base 15) to base 16
-ea9da
-190b3b0 (base 12) to base 2
-10100000000100001110100
50003035 (base 7) to base 8
17554362
What is 153bc4 (base 15) in base 8?
3722404
30660034 (base 7) to base 9
4771164
10216b (base 14) to base 8
2045563
Convert -9a43c4 (base 13) to base 10.
-3636702
Convert -1a5ca (base 13) to base 10.
-51542
76966a (base 11) to base 13
33cc24
Convert 30727262 (base 8) to base 14.
c20a78
-110000001000101100010 (base 2) to base 13
-432c2b
What is -20302222 (base 4) in base 8?
-106252
Convert -13023321131 (base 4) to base 3.
-10112201000012
What is 34948 (base 10) in base 16?
8884
Convert 12220323223 (base 4) to base 3.
10021102112211
What is -1a8b15 (base 12) in base 10?
-471617
26202 (base 9) to base 2
100010011111100
-1303071 (base 8) to base 15
-72411
Convert -11101110001101101011 (base 2) to base 8.
-3561553
What is 2021112021 (base 3) in base 4?
22330312
-1001101001100001 (base 2) to base 13
-14cb1
Convert 485357 (base 9) to base 8.
1073420
1100001111000000100 (base 2) to base 15
7dbba
What is -717489 (base 10) in base 5?
-140424424
-11314512 (base 6) to base 8
-1260014
What is -150151 (base 12) in base 3?
-122220211121
What is -3310000100 (base 4) in base 2?
-11110100000000010000
Convert 3584e (base 16) to base 12.
a6a3a
401314 (base 7) to base 12
33241
20001310123 (base 5) to base 6
1535101133
Convert 130442224 (base 5) to base 6.
21420230
187885 (base 12) to base 13
11cac5
What is 1c88 (base 14) in base 15?
182b
3832681 (base 9) to base 16
1fdddf
Convert -1023301033 (base 4) to base 13.
-ab352
Convert 2021210000 (base 3) to base 5.
2420121
1973dd (base 14) to base 16
dc987
Convert -8b584 (base 13) to base 9.
-425786
Convert 4943a (base 12) to base 6.
2042514
What is 10504973 (base 10) in base 7?
155201513
Convert -1151852 (base 12) to base 4.
-30233301332
What is 47578 (base 12) in base 6?
2015432
6be5b (base 16) to base 12
19390b
421503250 (base 6) to base 4
130012000032
2da02a (base 14) to base 7
16423053
d0d (base 15) to base 2
101101111010
Convert -12614551 (base 7) to base 12.
-481561
cb5a9 (base 16) to base 5
203123222
Convert 3331030212 (base 4) to base 14.
1cdd42
-24f4e (base 16) to base 9
-250573
What is -58476 (base 16) in base 6?
-11430010
What is 1201324 (base 5) in base 4?
11121021
What is -b4bad6 (base 14) in base 6?
-334442140
What is -2524645 (base 7) in base 14?
-86a5c
What is -3b995 (base 13) in base 9?
-178841
516037 (base 10) to base 15
a2d77
Convert -1010100000111000111100 (base 2) to base 11.
-1612817
What is 3135513 (base 6) in base 11?
a4971
5736ba (base 12) to base 3
2121220021021
-2133443414 (base 5) to base 16
-4617c9
-1033503 (base 6) to base 13
-1a4cc
Convert 3ad126 (base 16) to base 10.
3854630
Convert 11010010010110011001010 (base 2) to base 6.
403422510
Convert -212011131 (base 4) to base 6.
-3202113
144176 (base 11) to base 8
667567
Convert 3331320 (base 7) to base 10.
411075
What is -22b7d (base 16) in base 11?
-97928
Convert 100012202010011 (base 3) to base 12.
1781441
What is -5810da (base 14) in base 13?
-8102ab
What is -2412414 (base 11) in base 8?
-20025110
What is 1a096 (base 16) in base 3?
12102021212
Convert -1010001101011100010010 (base 2) to base 13.
-729336
What is 100100111100001 (base 2) in base 10?
18913
20222120022020 (base 3) to base 2
1110001010001001001001
117a00 (base 12) to base 7
2256243
20255316 (base 7) to base 2
110011101101101110100
d913b (base 16) to base 7
10362160
161aa (base 16) to base 15
1bc5d
Convert -3d0b60 (base 15) to base 8.
-13153677
What is 140334 (base 6) in base 9?
18854
What is -b672 (base 14) in base 7?
-160502
-1451114 (base 6) to base 10
-84502
-1575576 (base 8) to base 15
-908b8
Convert 4245450 (base 6) to base 10.
208614
-326a11 (base 14) to base 5
-414134433
What is -135435145 (base 6) in base 4?
-22220313221
Convert -164998 (base 10) to base 11.
-102a69
4121310 (base 5) to base 2
10000011000001000
Convert -30212224 (base 5) to base 9.
-407324
Convert -5488c (base 15) to base 3.
-111122101120
-1895273 (base 11) to base 4
-30030323323
Convert -2012400313 (base 5) to base 7.
-46145022
What is 362375 (base 8) in base 14?
33365
51213306 (base 7) to base 13
b67957
5311632 (base 11) to base 12
31733b7
1100101000010111 (base 2) to base 16
ca17
20221210030 (base 4) to base 8
10514414
What is -512461 (base 7) in base 14?
-23ba1
-2325153 (base 6) to base 8
-353075
What is -7568a (base 15) in base 6?
-11553334
What is 91ac1 (base 16) in base 15?
bbbd3
52462503 (base 7) to base 15
5c93a6
What is -87c0b6 (base 15) in base 2?
-11000101011100110011110
-e1ec68 (base 15) to base 2
-101000111100000110010011
-3324223414 (base 5) to base